{"id":1058,"date":"2025-04-24T14:04:13","date_gmt":"2025-04-24T12:04:13","guid":{"rendered":"http:\/\/88.136.157.51:8080\/?page_id=1058"},"modified":"2025-04-24T14:31:24","modified_gmt":"2025-04-24T12:31:24","slug":"les-blocs-dans-wordpress","status":"publish","type":"page","link":"http:\/\/88.136.157.51:8080\/index.php\/les-blocs-dans-wordpress\/","title":{"rendered":"Les blocs dans WordPress"},"content":{"rendered":"\n<h1 class=\"wp-block-heading\">1. Texte&nbsp;:<\/h1>\n\n\n\n<h2 class=\"wp-block-heading has-ast-global-color-0-color has-text-color has-link-color wp-elements-258e502d96e5092165d1b34f53dd88da\"><strong>Paragraphe<\/strong><\/h2>\n\n\n\n<p><em>Le bloc que j\u2019utilise le plus, pour afficher du texte.<\/em><\/p>\n\n\n\n<p class=\"has-background\" style=\"background-color:#b3f7de\">Ceci st un paragraphe avec un arri\u00e8re-plan vert.<\/p>\n\n\n\n<h2 class=\"wp-block-heading has-ast-global-color-0-color has-text-color has-link-color wp-elements-78eacf170ab947ff872b33a4d89b2a2d\"><strong>Titre<\/strong><\/h2>\n\n\n\n<p><em>Pour cr\u00e9er des titres.<\/em><\/p>\n\n\n\n<h1 class=\"wp-block-heading\">Ceci est un titre H1<\/h1>\n\n\n\n<h2 class=\"wp-block-heading\">Ceci est un titre H2<\/h2>\n\n\n\n<h3 class=\"wp-block-heading\">Ceci est un titre H2<\/h3>\n\n\n\n<h4 class=\"wp-block-heading\">Ceci est un titre H4<\/h4>\n\n\n\n<h5 class=\"wp-block-heading\">Ceci est un titre H5<\/h5>\n\n\n\n<h6 class=\"wp-block-heading\">Ceci est un titre H6<\/h6>\n\n\n\n<h2 class=\"wp-block-heading has-ast-global-color-0-color has-text-color has-link-color wp-elements-ab79f3873f5aed292662561932931a61\"><strong>Liste<\/strong><\/h2>\n\n\n\n<p><em>Pour cr\u00e9er des listes.<\/em><\/p>\n\n\n\n<ul class=\"wp-block-list\">\n<li>Ceci<\/li>\n\n\n\n<li>est<\/li>\n\n\n\n<li>une liste<\/li>\n<\/ul>\n\n\n\n<ol class=\"wp-block-list\">\n<li>Une<\/li>\n\n\n\n<li>autre<\/li>\n\n\n\n<li>liste<\/li>\n<\/ol>\n\n\n\n<ul class=\"wp-block-list\">\n<li>Encore\n<ul class=\"wp-block-list\">\n<li>une\n<ul class=\"wp-block-list\">\n<li>liste<\/li>\n<\/ul>\n<\/li>\n<\/ul>\n<\/li>\n<\/ul>\n\n\n\n<p><em>Pour afficher un bloc de code informatique.<\/em><\/p>\n\n\n\n<h2 class=\"wp-block-heading has-ast-global-color-0-color has-text-color has-link-color wp-elements-dff81efc0d0bfb96d99c9a2d9c0e4837\"><strong>Code<\/strong><\/h2>\n\n\n\n<p><em>Pour afficher un bloc de code informatique.<\/em><\/p>\n\n\n\n<pre class=\"wp-block-code\"><code>#!\/usr\/bin\/env python3.10\n#-*- coding: utf-8 -*-\nprint(\"Bienvenue chez M\u00e9moire Vive\")\nprint(\"&#91;Entr\u00e9e] pour continuer !\")\ninput()<\/code><\/pre>\n\n\n\n<h2 class=\"wp-block-heading has-ast-global-color-0-color has-text-color has-link-color wp-elements-f430ecd218fe31487a19f252b4f378c0\"><strong>Pr\u00e9format\u00e9<\/strong><\/h2>\n\n\n\n<p><em>Je l\u2019utilise par exemple pour afficher une ligne de commande du Shell Linux.<\/em><\/p>\n\n\n\n<pre class=\"wp-block-preformatted\">shutdown -r now<\/pre>\n\n\n\n<h2 class=\"wp-block-heading has-ast-global-color-0-color has-text-color has-link-color wp-elements-0123768190e4ed397ca107c492e7092c\"><strong>Tableau<\/strong><\/h2>\n\n\n\n<p><em>Pour cr\u00e9er un tableau.<\/em><\/p>\n\n\n\n<figure class=\"wp-block-table\"><table class=\"has-fixed-layout\"><tbody><tr><td><\/td><td><\/td><\/tr><tr><td><\/td><td><\/td><\/tr><\/tbody><\/table><\/figure>\n\n\n\n<hr class=\"wp-block-separator has-alpha-channel-opacity is-style-wide\"\/>\n\n\n\n<h1 class=\"wp-block-heading\">2. M\u00e9dia&nbsp;:<\/h1>\n\n\n\n<h2 class=\"wp-block-heading has-ast-global-color-0-color has-text-color has-link-color wp-elements-0500d9a58aa593645d7842d682c649d4\"><strong>Image<\/strong><\/h2>\n\n\n\n<p><em>Pour ins\u00e9rer une image depuis la m\u00e9diath\u00e8que ou en la t\u00e9l\u00e9versant.<\/em><\/p>\n\n\n\n<figure class=\"wp-block-image\"><img decoding=\"async\" src=\"https:\/\/artheodoc.fr\/wp-content\/uploads\/2024\/06\/logowordpress.png\" alt=\"\" class=\"wp-image-814\"\/><\/figure>\n\n\n\n<h2 class=\"wp-block-heading has-ast-global-color-0-color has-text-color has-link-color wp-elements-a75d1b96f9784670f9d06a5bd4b6c59d\"><strong>Galerie<\/strong><\/h2>\n\n\n\n<p><em>Pour ins\u00e9rer un groupe d\u2019images, je l\u2019utilise souvent par groupe de quatre.<\/em><\/p>\n\n\n\n<figure class=\"wp-block-gallery has-nested-images columns-default is-cropped wp-block-gallery-1 is-layout-flex wp-block-gallery-is-layout-flex\">\n<figure class=\"wp-block-image size-large\"><img loading=\"lazy\" decoding=\"async\" width=\"1024\" height=\"1024\" data-id=\"392\" src=\"http:\/\/88.136.157.51:8080\/wp-content\/uploads\/2023\/12\/Artheodoc-AD.jpg\" alt=\"\" class=\"wp-image-392\" srcset=\"http:\/\/88.136.157.51:8080\/wp-content\/uploads\/2023\/12\/Artheodoc-AD.jpg 1024w, http:\/\/88.136.157.51:8080\/wp-content\/uploads\/2023\/12\/Artheodoc-AD-300x300.jpg 300w, http:\/\/88.136.157.51:8080\/wp-content\/uploads\/2023\/12\/Artheodoc-AD-150x150.jpg 150w, http:\/\/88.136.157.51:8080\/wp-content\/uploads\/2023\/12\/Artheodoc-AD-768x768.jpg 768w\" sizes=\"auto, (max-width: 1024px) 100vw, 1024px\" \/><\/figure>\n\n\n\n<figure class=\"wp-block-image size-large\"><img loading=\"lazy\" decoding=\"async\" width=\"1024\" height=\"1024\" data-id=\"393\" src=\"http:\/\/88.136.157.51:8080\/wp-content\/uploads\/2023\/12\/Artheodoc_FR.jpg\" alt=\"\" class=\"wp-image-393\" srcset=\"http:\/\/88.136.157.51:8080\/wp-content\/uploads\/2023\/12\/Artheodoc_FR.jpg 1024w, http:\/\/88.136.157.51:8080\/wp-content\/uploads\/2023\/12\/Artheodoc_FR-300x300.jpg 300w, http:\/\/88.136.157.51:8080\/wp-content\/uploads\/2023\/12\/Artheodoc_FR-150x150.jpg 150w, http:\/\/88.136.157.51:8080\/wp-content\/uploads\/2023\/12\/Artheodoc_FR-768x768.jpg 768w\" sizes=\"auto, (max-width: 1024px) 100vw, 1024px\" \/><\/figure>\n\n\n\n<figure class=\"wp-block-image size-large\"><img loading=\"lazy\" decoding=\"async\" width=\"1024\" height=\"1024\" data-id=\"391\" src=\"http:\/\/88.136.157.51:8080\/wp-content\/uploads\/2023\/12\/Artheodoc_AC.jpg\" alt=\"\" class=\"wp-image-391\" srcset=\"http:\/\/88.136.157.51:8080\/wp-content\/uploads\/2023\/12\/Artheodoc_AC.jpg 1024w, http:\/\/88.136.157.51:8080\/wp-content\/uploads\/2023\/12\/Artheodoc_AC-300x300.jpg 300w, http:\/\/88.136.157.51:8080\/wp-content\/uploads\/2023\/12\/Artheodoc_AC-150x150.jpg 150w, http:\/\/88.136.157.51:8080\/wp-content\/uploads\/2023\/12\/Artheodoc_AC-768x768.jpg 768w\" sizes=\"auto, (max-width: 1024px) 100vw, 1024px\" \/><\/figure>\n\n\n\n<figure class=\"wp-block-image size-large\"><img loading=\"lazy\" decoding=\"async\" width=\"1024\" height=\"1024\" data-id=\"394\" src=\"http:\/\/88.136.157.51:8080\/wp-content\/uploads\/2023\/12\/Arthheodoc.jpg\" alt=\"\" class=\"wp-image-394\" srcset=\"http:\/\/88.136.157.51:8080\/wp-content\/uploads\/2023\/12\/Arthheodoc.jpg 1024w, http:\/\/88.136.157.51:8080\/wp-content\/uploads\/2023\/12\/Arthheodoc-300x300.jpg 300w, http:\/\/88.136.157.51:8080\/wp-content\/uploads\/2023\/12\/Arthheodoc-150x150.jpg 150w, http:\/\/88.136.157.51:8080\/wp-content\/uploads\/2023\/12\/Arthheodoc-768x768.jpg 768w\" sizes=\"auto, (max-width: 1024px) 100vw, 1024px\" \/><\/figure>\n<\/figure>\n\n\n\n<h2 class=\"wp-block-heading has-ast-global-color-0-color has-text-color has-link-color wp-elements-1f8abe64e9a32cc713d12571739dcc7f\"><strong>Audio<\/strong><\/h2>\n\n\n\n<p><em>Pour ins\u00e9rer un fichier audio.<\/em><audio src=\"https:\/\/artheodoc.fr\/wp-content\/uploads\/2025\/04\/Exemple_de_fichier_audio.mp3\"><\/audio><\/p>\n\n\n\n<figure class=\"wp-block-audio\"><audio controls src=\"http:\/\/88.136.157.51:8080\/wp-content\/uploads\/2025\/04\/Exemple_de_fichier_audio.mp3\"><\/audio><\/figure>\n\n\n\n<h2 class=\"wp-block-heading has-ast-global-color-0-color has-text-color has-link-color wp-elements-8a854e289499ad760b8fa1651eba67b0\"><strong>Fichier<\/strong><\/h2>\n\n\n\n<p><em>Pour ins\u00e9rer un fichier. On peut ins\u00e9rer un PDF se trouvant dans la m\u00e9diath\u00e8que.<\/em><\/p>\n\n\n\n<div data-wp-interactive=\"core\/file\" class=\"wp-block-file\"><object data-wp-bind--hidden=\"!state.hasPdfPreview\" hidden class=\"wp-block-file__embed\" data=\"http:\/\/88.136.157.51:8080\/wp-content\/uploads\/2025\/04\/Ceci_est_un_fichier_PDF.pdf\" type=\"application\/pdf\" style=\"width:100%;height:600px\" aria-label=\"Contenu embarqu\u00e9 Ceci_est_un_fichier_PDF.\"><\/object><a id=\"wp-block-file--media-f6f364a6-5f60-4707-a785-c78bc9b369f8\" href=\"http:\/\/88.136.157.51:8080\/wp-content\/uploads\/2025\/04\/Ceci_est_un_fichier_PDF.pdf\">Ceci_est_un_fichier_PDF<\/a><a href=\"http:\/\/88.136.157.51:8080\/wp-content\/uploads\/2025\/04\/Ceci_est_un_fichier_PDF.pdf\" class=\"wp-block-file__button wp-element-button\" download aria-describedby=\"wp-block-file--media-f6f364a6-5f60-4707-a785-c78bc9b369f8\">T\u00e9l\u00e9charger<\/a><\/div>\n\n\n\n<h2 class=\"wp-block-heading has-ast-global-color-0-color has-text-color has-link-color wp-elements-542f4664fc9f39f38f4cd72b743e039a\"><strong>M\u00e9dia &amp; texte<\/strong><\/h2>\n\n\n\n<p><em>Pour ins\u00e9rer un m\u00e9dia accompagn\u00e9 de textes.<\/em><\/p>\n\n\n\n<div class=\"wp-block-media-text is-stacked-on-mobile\" style=\"grid-template-columns:20% auto\"><figure class=\"wp-block-media-text__media\"><img decoding=\"async\" src=\"https:\/\/artheodoc.fr\/wp-content\/uploads\/2024\/03\/Artheodoc_logo_Copilot.jpeg\" alt=\"\" class=\"wp-image-607 size-full\"\/><\/figure><div class=\"wp-block-media-text__content\">\n<p class=\"has-background\" style=\"background-color:#b4f3da\">Bienvenue sue mon site artheodoc.fr<\/p>\n<\/div><\/div>\n\n\n\n<p>Bienvenue sue mon site artheodoc.fr<\/p>\n\n\n\n<h2 class=\"wp-block-heading has-ast-global-color-0-color has-text-color has-link-color wp-elements-967d35e451a2896471b34b840a8fa14c\"><strong>Vid\u00e9o<\/strong><\/h2>\n\n\n\n<p><em>Pour ins\u00e9rer une vid\u00e9o.<\/em><video controls=\"controls\" src=\"https:\/\/artheodoc.fr\/wp-content\/uploads\/2025\/04\/Generique.mp4\"><\/video><\/p>\n\n\n\n<hr class=\"wp-block-separator has-alpha-channel-opacity is-style-wide\"\/>\n\n\n\n<h1 class=\"wp-block-heading\">3. Design&nbsp;:<\/h1>\n\n\n\n<h2 class=\"wp-block-heading has-ast-global-color-0-color has-text-color has-link-color wp-elements-334ba61f743a9deb52e9a4b6e9655b82\"><strong>Boutons<\/strong><\/h2>\n\n\n\n<p><em>Pour cr\u00e9er des boutons avec des liens vers des pages, des articles, des PDF.<\/em><\/p>\n\n\n\n<div class=\"wp-block-buttons is-layout-flex wp-block-buttons-is-layout-flex\">\n<div class=\"wp-block-button\"><a class=\"wp-block-button__link wp-element-button\">Bouton 1<\/a><\/div>\n\n\n\n<div class=\"wp-block-button\"><a class=\"wp-block-button__link wp-element-button\">Bouton 2<\/a><\/div>\n\n\n\n<div class=\"wp-block-button\"><a class=\"wp-block-button__link wp-element-button\">Etc&#8230;<\/a><\/div>\n<\/div>\n\n\n\n<h2 class=\"wp-block-heading has-ast-global-color-0-color has-text-color has-link-color wp-elements-2fe34899598e082cd7347e6e3b18abab\"><strong>Colonnes<\/strong><\/h2>\n\n\n\n<p><em>Pour cr\u00e9er des colonnes que l\u2019on peut utiliser pour de la mise en page avec du texte, des m\u00e9dias.<\/em><\/p>\n\n\n\n<div class=\"wp-block-columns has-background is-layout-flex wp-container-core-columns-is-layout-28f84493 wp-block-columns-is-layout-flex\" style=\"background-color:#f8f1ec\">\n<div class=\"wp-block-column is-layout-flow wp-block-column-is-layout-flow\">\n<figure class=\"wp-block-image size-full\"><img loading=\"lazy\" decoding=\"async\" width=\"200\" height=\"200\" src=\"http:\/\/88.136.157.51:8080\/wp-content\/uploads\/2024\/02\/Atelier_Linux-200x200-removebg.png\" alt=\"\" class=\"wp-image-519\" srcset=\"http:\/\/88.136.157.51:8080\/wp-content\/uploads\/2024\/02\/Atelier_Linux-200x200-removebg.png 200w, http:\/\/88.136.157.51:8080\/wp-content\/uploads\/2024\/02\/Atelier_Linux-200x200-removebg-150x150.png 150w\" sizes=\"auto, (max-width: 200px) 100vw, 200px\" \/><\/figure>\n<\/div>\n\n\n\n<div class=\"wp-block-column is-layout-flow wp-block-column-is-layout-flow\">\n<p>Colonnes avec une image et un paragraphe. J\u2019ai ajout\u00e9 un fond de couleur.<\/p>\n<\/div>\n<\/div>\n\n\n\n<p>Colonnes avec une image et un paragraphe. J\u2019ai ajout\u00e9 un fond de couleur.<\/p>\n\n\n\n<h2 class=\"wp-block-heading has-ast-global-color-0-color has-text-color has-link-color wp-elements-dd86100d032d646934281e2e9c597fb2\"><strong>Groupe<\/strong><\/h2>\n\n\n\n<p><em>Utilis\u00e9 pour la mise en page et regrouper des blocs.<\/em><\/p>\n\n\n\n<div class=\"wp-block-group has-background is-layout-constrained wp-block-group-is-layout-constrained\" style=\"background:linear-gradient(135deg,rgb(243,244,250) 0%,rgb(193,184,250) 100%)\">\n<div class=\"wp-block-columns is-layout-flex wp-container-core-columns-is-layout-28f84493 wp-block-columns-is-layout-flex\">\n<div class=\"wp-block-column is-layout-flow wp-block-column-is-layout-flow\">\n<figure class=\"wp-block-image\"><img decoding=\"async\" src=\"https:\/\/artheodoc.fr\/wp-content\/uploads\/2025\/03\/Windows-IA.jpg\" alt=\"\" class=\"wp-image-1939\"\/><\/figure>\n<\/div>\n\n\n\n<div class=\"wp-block-column is-layout-flow wp-block-column-is-layout-flow\">\n<p>Groupe h\u00e9bergeant des colonnes. Avec un fond de couleur en d\u00e9grad\u00e9.<\/p>\n<\/div>\n\n\n\n<div class=\"wp-block-column is-layout-flow wp-block-column-is-layout-flow\">\n<ul class=\"wp-block-list\">\n<li>J\u2019ai<\/li>\n\n\n\n<li>ajout\u00e9<\/li>\n\n\n\n<li>une liste\u2026<\/li>\n<\/ul>\n<\/div>\n<\/div>\n<\/div>\n\n\n\n<p><strong>Rang\u00e9e<\/strong><\/p>\n\n\n\n<p><em>Type de groupe pour disposer des blocs en rang\u00e9e.<\/em><\/p>\n\n\n\n<p><strong>Empilement<\/strong><\/p>\n\n\n\n<p><em>Type de groupe pour disposer des blocs en empilement.<\/em><\/p>\n\n\n\n<p><strong>Grille<\/strong><\/p>\n\n\n\n<p><em>Type de groupe pour disposer des blocs en grille.<\/em><\/p>\n\n\n\n<h2 class=\"wp-block-heading has-ast-global-color-0-color has-text-color has-link-color wp-elements-39f78ce7802cd102acbf82247848a949\"><strong>S\u00e9parateur<\/strong><\/h2>\n\n\n\n<p><em>Pour s\u00e9parer des blocs par une ligne horizontale, par d\u00e9faut ou ligne large.<\/em><\/p>\n\n\n\n<hr class=\"wp-block-separator has-alpha-channel-opacity\"\/>\n\n\n\n<hr class=\"wp-block-separator has-alpha-channel-opacity is-style-wide\"\/>\n\n\n\n<h2 class=\"wp-block-heading has-ast-global-color-0-color has-text-color has-link-color wp-elements-b86ade5202b188c15bd6465fdf3f977c\"><strong>Espacement<\/strong><\/h2>\n\n\n\n<p><em>Pour int\u00e9grer un espace de la hauteur voulue entre deux blocs.<\/em><\/p>\n\n\n\n<hr class=\"wp-block-separator has-alpha-channel-opacity is-style-wide\"\/>\n\n\n\n<h1 class=\"wp-block-heading\">4. Widgets&nbsp;:<\/h1>\n\n\n\n<h2 class=\"wp-block-heading has-ast-global-color-0-color has-text-color has-link-color wp-elements-0e679af005badf317b32067e732d79af\"><strong>Calendrier<\/strong><\/h2>\n\n\n\n<p><em>Pour ins\u00e9rer un calendrier.<\/em><\/p>\n\n\n<div class=\"wp-block-calendar\"><table id=\"wp-calendar\" class=\"wp-calendar-table\">\n\t<caption>avril 2026<\/caption>\n\t<thead>\n\t<tr>\n\t\t<th scope=\"col\" aria-label=\"lundi\">L<\/th>\n\t\t<th scope=\"col\" aria-label=\"mardi\">M<\/th>\n\t\t<th scope=\"col\" aria-label=\"mercredi\">M<\/th>\n\t\t<th scope=\"col\" aria-label=\"jeudi\">J<\/th>\n\t\t<th scope=\"col\" aria-label=\"vendredi\">V<\/th>\n\t\t<th scope=\"col\" aria-label=\"samedi\">S<\/th>\n\t\t<th scope=\"col\" aria-label=\"dimanche\">D<\/th>\n\t<\/tr>\n\t<\/thead>\n\t<tbody>\n\t<tr>\n\t\t<td colspan=\"2\" class=\"pad\">&nbsp;<\/td><td>1<\/td><td>2<\/td><td>3<\/td><td>4<\/td><td id=\"today\">5<\/td>\n\t<\/tr>\n\t<tr>\n\t\t<td>6<\/td><td>7<\/td><td>8<\/td><td>9<\/td><td>10<\/td><td>11<\/td><td>12<\/td>\n\t<\/tr>\n\t<tr>\n\t\t<td>13<\/td><td>14<\/td><td>15<\/td><td>16<\/td><td>17<\/td><td>18<\/td><td>19<\/td>\n\t<\/tr>\n\t<tr>\n\t\t<td>20<\/td><td>21<\/td><td>22<\/td><td>23<\/td><td>24<\/td><td>25<\/td><td>26<\/td>\n\t<\/tr>\n\t<tr>\n\t\t<td>27<\/td><td>28<\/td><td>29<\/td><td>30<\/td>\n\t\t<td class=\"pad\" colspan=\"3\">&nbsp;<\/td>\n\t<\/tr>\n\t<\/tbody>\n\t<\/table><nav aria-label=\"Mois pr\u00e9c\u00e9dents et suivants\" class=\"wp-calendar-nav\">\n\t\t<span class=\"wp-calendar-nav-prev\"><a href=\"http:\/\/88.136.157.51:8080\/index.php\/2025\/06\/\">&laquo; Juin<\/a><\/span>\n\t\t<span class=\"pad\">&nbsp;<\/span>\n\t\t<span class=\"wp-calendar-nav-next\">&nbsp;<\/span>\n\t<\/nav><\/div>\n\n\n<h2 class=\"wp-block-heading has-ast-global-color-0-color has-text-color has-link-color wp-elements-ac44a1ddbb62f27278911e97ac85c34d\"><strong>Codecourt<\/strong><\/h2>\n\n\n\n<p><em>Codecourt ou Shorcode utilis\u00e9 par exemple dans le cadre de la cr\u00e9ation d\u2019un forum.<\/em><\/p>\n\n\n\n<h2 class=\"wp-block-heading has-ast-global-color-0-color has-text-color has-link-color wp-elements-f732513a21a38a1e63b0755da7338549\"><strong>Ic\u00f4nes de r\u00e9seaux sociaux<\/strong><\/h2>\n\n\n\n<p><em>J\u2019ai utilis\u00e9 ce bloc pour Facebook et YouTube.<\/em><\/p>\n\n\n\n<ul class=\"wp-block-social-links is-layout-flex wp-block-social-links-is-layout-flex\"><li class=\"wp-social-link wp-social-link-facebook  wp-block-social-link\"><a href=\"https:\/\/www.facebook.com\/people\/Artheodoc\/61573704639962\/\" class=\"wp-block-social-link-anchor\"><svg width=\"24\" height=\"24\" viewBox=\"0 0 24 24\" version=\"1.1\" xmlns=\"http:\/\/www.w3.org\/2000\/svg\" aria-hidden=\"true\" focusable=\"false\"><path d=\"M12 2C6.5 2 2 6.5 2 12c0 5 3.7 9.1 8.4 9.9v-7H7.9V12h2.5V9.8c0-2.5 1.5-3.9 3.8-3.9 1.1 0 2.2.2 2.2.2v2.5h-1.3c-1.2 0-1.6.8-1.6 1.6V12h2.8l-.4 2.9h-2.3v7C18.3 21.1 22 17 22 12c0-5.5-4.5-10-10-10z\"><\/path><\/svg><span class=\"wp-block-social-link-label screen-reader-text\">Facebook<\/span><\/a><\/li>\n\n<li class=\"wp-social-link wp-social-link-youtube  wp-block-social-link\"><a href=\"https:\/\/youtube.com\/@dominiquerenaudeau?si=euSqST89Elmq8Kc-\" class=\"wp-block-social-link-anchor\"><svg width=\"24\" height=\"24\" viewBox=\"0 0 24 24\" version=\"1.1\" xmlns=\"http:\/\/www.w3.org\/2000\/svg\" aria-hidden=\"true\" focusable=\"false\"><path d=\"M21.8,8.001c0,0-0.195-1.378-0.795-1.985c-0.76-0.797-1.613-0.801-2.004-0.847c-2.799-0.202-6.997-0.202-6.997-0.202 h-0.009c0,0-4.198,0-6.997,0.202C4.608,5.216,3.756,5.22,2.995,6.016C2.395,6.623,2.2,8.001,2.2,8.001S2,9.62,2,11.238v1.517 c0,1.618,0.2,3.237,0.2,3.237s0.195,1.378,0.795,1.985c0.761,0.797,1.76,0.771,2.205,0.855c1.6,0.153,6.8,0.201,6.8,0.201 s4.203-0.006,7.001-0.209c0.391-0.047,1.243-0.051,2.004-0.847c0.6-0.607,0.795-1.985,0.795-1.985s0.2-1.618,0.2-3.237v-1.517 C22,9.62,21.8,8.001,21.8,8.001z M9.935,14.594l-0.001-5.62l5.404,2.82L9.935,14.594z\"><\/path><\/svg><span class=\"wp-block-social-link-label screen-reader-text\">YouTube<\/span><\/a><\/li><\/ul>\n\n\n\n<ul class=\"wp-block-list\">\n<li><\/li>\n<\/ul>\n\n\n\n<h2 class=\"wp-block-heading has-ast-global-color-0-color has-text-color has-link-color wp-elements-8fbfe9d02084708b497bf130db97341d\">Recherche<\/h2>\n\n\n<form role=\"search\" method=\"get\" action=\"http:\/\/88.136.157.51:8080\/\" class=\"wp-block-search__button-outside wp-block-search__text-button wp-block-search\"    ><label class=\"wp-block-search__label\" for=\"wp-block-search__input-2\" >Rechercher<\/label><div class=\"wp-block-search__inside-wrapper\" ><input class=\"wp-block-search__input\" id=\"wp-block-search__input-2\" placeholder=\"\" value=\"\" type=\"search\" name=\"s\" required \/><button aria-label=\"Rechercher\" class=\"wp-block-search__button wp-element-button\" type=\"submit\" >Rechercher<\/button><\/div><\/form>\n\n\n<p><\/p>\n","protected":false},"excerpt":{"rendered":"<p>1. Texte&nbsp;: Paragraphe Le bloc que j\u2019utilise le plus, pour afficher du texte. Ceci st un paragraphe avec un arri\u00e8re-plan vert. Titre Pour cr\u00e9er des titres. Ceci est un titre H1 Ceci est un titre H2 Ceci est un titre H2 Ceci est un titre H4 Ceci est un titre H5 Ceci est un titre [&hellip;]<\/p>\n","protected":false},"author":1,"featured_media":0,"parent":0,"menu_order":0,"comment_status":"closed","ping_status":"closed","template":"","meta":{"_bbp_topic_count":0,"_bbp_reply_count":0,"_bbp_total_topic_count":0,"_bbp_total_reply_count":0,"_bbp_voice_count":0,"_bbp_anonymous_reply_count":0,"_bbp_topic_count_hidden":0,"_bbp_reply_count_hidden":0,"_bbp_forum_subforum_count":0,"site-sidebar-layout":"default","site-content-layout":"","ast-site-content-layout":"","site-content-style":"default","site-sidebar-style":"default","ast-global-header-display":"","ast-banner-title-visibility":"","ast-main-header-display":"","ast-hfb-above-header-display":"","ast-hfb-below-header-display":"","ast-hfb-mobile-header-display":"","site-post-title":"","ast-breadcrumbs-content":"","ast-featured-img":"","footer-sml-layout":"","theme-transparent-header-meta":"","adv-header-id-meta":"","stick-header-meta":"","header-above-stick-meta":"","header-main-stick-meta":"","header-below-stick-meta":"","astra-migrate-meta-layouts":"default","ast-page-background-enabled":"default","ast-page-background-meta":{"desktop":{"background-color":"var(--ast-global-color-4)","background-image":"","background-repeat":"repeat","background-position":"center center","background-size":"auto","background-attachment":"scroll","background-type":"","background-media":"","overlay-type":"","overlay-color":"","overlay-opacity":"","overlay-gradient":""},"tablet":{"background-color":"","background-image":"","background-repeat":"repeat","background-position":"center center","background-size":"auto","background-attachment":"scroll","background-type":"","background-media":"","overlay-type":"","overlay-color":"","overlay-opacity":"","overlay-gradient":""},"mobile":{"background-color":"","background-image":"","background-repeat":"repeat","background-position":"center center","background-size":"auto","background-attachment":"scroll","background-type":"","background-media":"","overlay-type":"","overlay-color":"","overlay-opacity":"","overlay-gradient":""}},"ast-content-background-meta":{"desktop":{"background-color":"var(--ast-global-color-5)","background-image":"","background-repeat":"repeat","background-position":"center center","background-size":"auto","background-attachment":"scroll","background-type":"","background-media":"","overlay-type":"","overlay-color":"","overlay-opacity":"","overlay-gradient":""},"tablet":{"background-color":"var(--ast-global-color-5)","background-image":"","background-repeat":"repeat","background-position":"center center","background-size":"auto","background-attachment":"scroll","background-type":"","background-media":"","overlay-type":"","overlay-color":"","overlay-opacity":"","overlay-gradient":""},"mobile":{"background-color":"var(--ast-global-color-5)","background-image":"","background-repeat":"repeat","background-position":"center center","background-size":"auto","background-attachment":"scroll","background-type":"","background-media":"","overlay-type":"","overlay-color":"","overlay-opacity":"","overlay-gradient":""}},"footnotes":""},"class_list":["post-1058","page","type-page","status-publish","hentry"],"_links":{"self":[{"href":"http:\/\/88.136.157.51:8080\/index.php\/wp-json\/wp\/v2\/pages\/1058","targetHints":{"allow":["GET"]}}],"collection":[{"href":"http:\/\/88.136.157.51:8080\/index.php\/wp-json\/wp\/v2\/pages"}],"about":[{"href":"http:\/\/88.136.157.51:8080\/index.php\/wp-json\/wp\/v2\/types\/page"}],"author":[{"embeddable":true,"href":"http:\/\/88.136.157.51:8080\/index.php\/wp-json\/wp\/v2\/users\/1"}],"replies":[{"embeddable":true,"href":"http:\/\/88.136.157.51:8080\/index.php\/wp-json\/wp\/v2\/comments?post=1058"}],"version-history":[{"count":6,"href":"http:\/\/88.136.157.51:8080\/index.php\/wp-json\/wp\/v2\/pages\/1058\/revisions"}],"predecessor-version":[{"id":1072,"href":"http:\/\/88.136.157.51:8080\/index.php\/wp-json\/wp\/v2\/pages\/1058\/revisions\/1072"}],"wp:attachment":[{"href":"http:\/\/88.136.157.51:8080\/index.php\/wp-json\/wp\/v2\/media?parent=1058"}],"curies":[{"name":"wp","href":"https:\/\/api.w.org\/{rel}","templated":true}]}}