{"id":177,"date":"2023-11-15T15:44:35","date_gmt":"2023-11-15T14:44:35","guid":{"rendered":"http:\/\/88.136.157.51:8080\/?page_id=177"},"modified":"2023-11-17T23:53:05","modified_gmt":"2023-11-17T22:53:05","slug":"les-sorties-2023","status":"publish","type":"page","link":"http:\/\/88.136.157.51:8080\/index.php\/les-sorties-2023\/","title":{"rendered":"Les sorties 2023"},"content":{"rendered":"\n<blockquote class=\"wp-block-quote is-layout-flow wp-block-quote-is-layout-flow\">\n<h2 class=\"wp-block-heading has-text-align-center\"><strong>Dou\u00e9 La Fontaine <\/strong><\/h2>\n\n\n\n<figure class=\"wp-block-gallery has-nested-images columns-default is-cropped wp-block-gallery-1 is-layout-flex wp-block-gallery-is-layout-flex\">\n<figure class=\"wp-block-image size-large\"><img loading=\"lazy\" decoding=\"async\" width=\"667\" height=\"500\" data-id=\"258\" src=\"http:\/\/88.136.157.51:8080\/wp-content\/uploads\/2023\/11\/1-A-P1000741-1.jpg\" alt=\"\" class=\"wp-image-258\" srcset=\"http:\/\/88.136.157.51:8080\/wp-content\/uploads\/2023\/11\/1-A-P1000741-1.jpg 667w, http:\/\/88.136.157.51:8080\/wp-content\/uploads\/2023\/11\/1-A-P1000741-1-300x225.jpg 300w\" sizes=\"auto, (max-width: 667px) 100vw, 667px\" \/><\/figure>\n\n\n\n<figure class=\"wp-block-image size-large\"><img loading=\"lazy\" decoding=\"async\" width=\"717\" height=\"538\" data-id=\"260\" src=\"http:\/\/88.136.157.51:8080\/wp-content\/uploads\/2023\/11\/1-A-P1000742-1.jpg\" alt=\"\" class=\"wp-image-260\" srcset=\"http:\/\/88.136.157.51:8080\/wp-content\/uploads\/2023\/11\/1-A-P1000742-1.jpg 717w, http:\/\/88.136.157.51:8080\/wp-content\/uploads\/2023\/11\/1-A-P1000742-1-300x225.jpg 300w\" sizes=\"auto, (max-width: 717px) 100vw, 717px\" \/><\/figure>\n\n\n\n<figure class=\"wp-block-image size-large\"><img loading=\"lazy\" decoding=\"async\" width=\"692\" height=\"500\" data-id=\"257\" src=\"http:\/\/88.136.157.51:8080\/wp-content\/uploads\/2023\/11\/1-DSCN8991-c.jpg\" alt=\"\" class=\"wp-image-257\" srcset=\"http:\/\/88.136.157.51:8080\/wp-content\/uploads\/2023\/11\/1-DSCN8991-c.jpg 692w, http:\/\/88.136.157.51:8080\/wp-content\/uploads\/2023\/11\/1-DSCN8991-c-300x217.jpg 300w\" sizes=\"auto, (max-width: 692px) 100vw, 692px\" \/><\/figure>\n\n\n\n<figure class=\"wp-block-image size-large\"><img loading=\"lazy\" decoding=\"async\" width=\"692\" height=\"519\" data-id=\"259\" src=\"http:\/\/88.136.157.51:8080\/wp-content\/uploads\/2023\/11\/1-DSCN9028-c.jpg\" alt=\"\" class=\"wp-image-259\" srcset=\"http:\/\/88.136.157.51:8080\/wp-content\/uploads\/2023\/11\/1-DSCN9028-c.jpg 692w, http:\/\/88.136.157.51:8080\/wp-content\/uploads\/2023\/11\/1-DSCN9028-c-300x225.jpg 300w\" sizes=\"auto, (max-width: 692px) 100vw, 692px\" \/><\/figure>\n<\/figure>\n<\/blockquote>\n\n\n\n<p class=\"has-text-align-center has-secondary-color has-text-color has-medium-font-size\"><strong><em>Premi\u00e8re sortie de l&rsquo;ann\u00e9e -&gt; Direction Dou\u00e9 La Fontaine<\/em><\/strong><\/p>\n\n\n\n<div class=\"wp-block-columns is-layout-flex wp-container-core-columns-is-layout-28f84493 wp-block-columns-is-layout-flex\">\n<div class=\"wp-block-column is-layout-flow wp-block-column-is-layout-flow\">\n<figure class=\"wp-block-image size-medium\"><img loading=\"lazy\" decoding=\"async\" width=\"300\" height=\"225\" src=\"http:\/\/88.136.157.51:8080\/wp-content\/uploads\/2023\/11\/1-100_0456-300x225.jpg\" alt=\"\" class=\"wp-image-285\" srcset=\"http:\/\/88.136.157.51:8080\/wp-content\/uploads\/2023\/11\/1-100_0456-300x225.jpg 300w, http:\/\/88.136.157.51:8080\/wp-content\/uploads\/2023\/11\/1-100_0456.jpg 324w\" sizes=\"auto, (max-width: 300px) 100vw, 300px\" \/><\/figure>\n\n\n\n<p class=\"has-text-color\" style=\"color:#622727\"><strong>Les visites<\/strong><\/p>\n<\/div>\n\n\n\n<div class=\"wp-block-column is-layout-flow wp-block-column-is-layout-flow\">\n<figure class=\"wp-block-image size-full\"><img loading=\"lazy\" decoding=\"async\" width=\"324\" height=\"243\" src=\"http:\/\/88.136.157.51:8080\/wp-content\/uploads\/2023\/11\/1-100_0403-1.jpg\" alt=\"\" class=\"wp-image-288\" srcset=\"http:\/\/88.136.157.51:8080\/wp-content\/uploads\/2023\/11\/1-100_0403-1.jpg 324w, http:\/\/88.136.157.51:8080\/wp-content\/uploads\/2023\/11\/1-100_0403-1-300x225.jpg 300w\" sizes=\"auto, (max-width: 324px) 100vw, 324px\" \/><\/figure>\n\n\n\n<p class=\"has-text-color\" style=\"color:#be7038\"><strong>Descriptif<\/strong><\/p>\n<\/div>\n\n\n\n<div class=\"wp-block-column is-layout-flow wp-block-column-is-layout-flow\">\n<figure class=\"wp-block-image size-full\"><img loading=\"lazy\" decoding=\"async\" width=\"324\" height=\"243\" src=\"http:\/\/88.136.157.51:8080\/wp-content\/uploads\/2023\/11\/1-100_0428.jpg\" alt=\"\" class=\"wp-image-289\" srcset=\"http:\/\/88.136.157.51:8080\/wp-content\/uploads\/2023\/11\/1-100_0428.jpg 324w, http:\/\/88.136.157.51:8080\/wp-content\/uploads\/2023\/11\/1-100_0428-300x225.jpg 300w\" sizes=\"auto, (max-width: 324px) 100vw, 324px\" \/><\/figure>\n\n\n\n<p class=\"has-text-color\" style=\"color:#5f7b3a\"><strong>Descriptif<\/strong><\/p>\n<\/div>\n<\/div>\n\n\n\n<p><\/p>\n","protected":false},"excerpt":{"rendered":"<p>Premi\u00e8re sortie de l&rsquo;ann\u00e9e -&gt; Direction Dou\u00e9 La Fontaine Les visites Descriptif Descriptif<\/p>\n","protected":false},"author":4,"featured_media":0,"parent":0,"menu_order":0,"comment_status":"closed","ping_status":"closed","template":"","meta":{"_bbp_topic_count":0,"_bbp_reply_count":0,"_bbp_total_topic_count":0,"_bbp_total_reply_count":0,"_bbp_voice_count":0,"_bbp_anonymous_reply_count":0,"_bbp_topic_count_hidden":0,"_bbp_reply_count_hidden":0,"_bbp_forum_subforum_count":0,"site-sidebar-layout":"default","site-content-layout":"","ast-site-content-layout":"","site-content-style":"default","site-sidebar-style":"default","ast-global-header-display":"","ast-banner-title-visibility":"","ast-main-header-display":"","ast-hfb-above-header-display":"","ast-hfb-below-header-display":"","ast-hfb-mobile-header-display":"","site-post-title":"","ast-breadcrumbs-content":"","ast-featured-img":"","footer-sml-layout":"","theme-transparent-header-meta":"","adv-header-id-meta":"","stick-header-meta":"","header-above-stick-meta":"","header-main-stick-meta":"","header-below-stick-meta":"","astra-migrate-meta-layouts":"default","ast-page-background-enabled":"default","ast-page-background-meta":{"desktop":{"background-color":"var(--ast-global-color-4)","background-image":"","background-repeat":"repeat","background-position":"center center","background-size":"auto","background-attachment":"scroll","background-type":"","background-media":"","overlay-type":"","overlay-color":"","overlay-opacity":"","overlay-gradient":""},"tablet":{"background-color":"","background-image":"","background-repeat":"repeat","background-position":"center center","background-size":"auto","background-attachment":"scroll","background-type":"","background-media":"","overlay-type":"","overlay-color":"","overlay-opacity":"","overlay-gradient":""},"mobile":{"background-color":"","background-image":"","background-repeat":"repeat","background-position":"center center","background-size":"auto","background-attachment":"scroll","background-type":"","background-media":"","overlay-type":"","overlay-color":"","overlay-opacity":"","overlay-gradient":""}},"ast-content-background-meta":{"desktop":{"background-color":"var(--ast-global-color-5)","background-image":"","background-repeat":"repeat","background-position":"center center","background-size":"auto","background-attachment":"scroll","background-type":"","background-media":"","overlay-type":"","overlay-color":"","overlay-opacity":"","overlay-gradient":""},"tablet":{"background-color":"var(--ast-global-color-5)","background-image":"","background-repeat":"repeat","background-position":"center center","background-size":"auto","background-attachment":"scroll","background-type":"","background-media":"","overlay-type":"","overlay-color":"","overlay-opacity":"","overlay-gradient":""},"mobile":{"background-color":"var(--ast-global-color-5)","background-image":"","background-repeat":"repeat","background-position":"center center","background-size":"auto","background-attachment":"scroll","background-type":"","background-media":"","overlay-type":"","overlay-color":"","overlay-opacity":"","overlay-gradient":""}},"footnotes":""},"class_list":["post-177","page","type-page","status-publish","hentry"],"_links":{"self":[{"href":"http:\/\/88.136.157.51:8080\/index.php\/wp-json\/wp\/v2\/pages\/177","targetHints":{"allow":["GET"]}}],"collection":[{"href":"http:\/\/88.136.157.51:8080\/index.php\/wp-json\/wp\/v2\/pages"}],"about":[{"href":"http:\/\/88.136.157.51:8080\/index.php\/wp-json\/wp\/v2\/types\/page"}],"author":[{"embeddable":true,"href":"http:\/\/88.136.157.51:8080\/index.php\/wp-json\/wp\/v2\/users\/4"}],"replies":[{"embeddable":true,"href":"http:\/\/88.136.157.51:8080\/index.php\/wp-json\/wp\/v2\/comments?post=177"}],"version-history":[{"count":4,"href":"http:\/\/88.136.157.51:8080\/index.php\/wp-json\/wp\/v2\/pages\/177\/revisions"}],"predecessor-version":[{"id":292,"href":"http:\/\/88.136.157.51:8080\/index.php\/wp-json\/wp\/v2\/pages\/177\/revisions\/292"}],"wp:attachment":[{"href":"http:\/\/88.136.157.51:8080\/index.php\/wp-json\/wp\/v2\/media?parent=177"}],"curies":[{"name":"wp","href":"https:\/\/api.w.org\/{rel}","templated":true}]}}