{"id":892,"date":"2024-04-19T10:38:33","date_gmt":"2024-04-19T08:38:33","guid":{"rendered":"http:\/\/88.136.157.51:8080\/?page_id=892"},"modified":"2024-04-23T11:03:26","modified_gmt":"2024-04-23T09:03:26","slug":"jitsi-meet","status":"publish","type":"page","link":"http:\/\/88.136.157.51:8080\/index.php\/jitsi-meet\/","title":{"rendered":"Jitsi Meet"},"content":{"rendered":"\n<p class=\"has-large-font-size\">Ateliers informatiques en distanciel (visio) avec Jitsi Meet<\/p>\n\n\n\n<div class=\"wp-block-group has-background is-layout-constrained wp-block-group-is-layout-constrained\" style=\"background:linear-gradient(135deg,rgb(235,244,246) 1%,rgb(169,214,240) 100%)\">\n<blockquote class=\"wp-block-quote is-layout-flow wp-block-quote-is-layout-flow\">\n<p>Jitsi est une application libre multiplateforme de messagerie instantan\u00e9e, voix sur IP et visioconf\u00e9rence. Elle utilise Jitsi Videobridge pour fournir une haute qualit\u00e9 d&rsquo;appel en respectant la vie priv\u00e9e avec du chiffrement de bout en bout sous certaines conditions (Firefox ne le supporte pas encore).<\/p>\n\n\n\n<p>Ce logiciel est int\u00e9gr\u00e9 \u00e0 la liste des logiciels libres pr\u00e9conis\u00e9s par l\u2019\u00c9tat fran\u00e7ais dans le cadre de la modernisation globale de ses syst\u00e8mes d\u2019informations (SI).<\/p>\n<cite><em>Wikip\u00e9dia<\/em><\/cite><\/blockquote>\n<\/div>\n\n\n\n<div class=\"wp-block-columns is-layout-flex wp-container-core-columns-is-layout-28f84493 wp-block-columns-is-layout-flex\">\n<div class=\"wp-block-column is-layout-flow wp-block-column-is-layout-flow\" style=\"flex-basis:33.33%\">\n<figure class=\"wp-block-image aligncenter size-full\"><img loading=\"lazy\" decoding=\"async\" width=\"192\" height=\"182\" src=\"http:\/\/88.136.157.51:8080\/wp-content\/uploads\/2024\/04\/Jitsi-logo-removebg.png\" alt=\"\" class=\"wp-image-902\"\/><\/figure>\n<\/div>\n\n\n\n<div class=\"wp-block-column is-layout-flow wp-block-column-is-layout-flow\" style=\"flex-basis:66.66%\">\n<p>Proc\u00e9dure pour se connecter \u00e0 Jitsi Meet.<\/p>\n\n\n\n<p><a href=\"http:\/\/88.136.157.51:8080\/index.php\/2024\/04\/22\/connexion-a-jitsi-meet\/\" data-type=\"post\" data-id=\"923\" target=\"_blank\" rel=\"noreferrer noopener\">Connexion \u00e0 Jitsi Meet<\/a><\/p>\n\n\n\n<p>On a la possibilit\u00e9 d\u2019avoir l\u2019affichage en plein \u00e9cran avec Jitsi Meet.<\/p>\n\n\n\n<p><a href=\"http:\/\/88.136.157.51:8080\/index.php\/2024\/04\/19\/affichage-en-plein-ecran-avec-jitsi-meet\/\" data-type=\"post\" data-id=\"887\" target=\"_blank\" rel=\"noreferrer noopener\">Affichage en plein \u00e9cran avec Jitsi Meet<\/a><\/p>\n\n\n\n<p>Si vous avez besoin de partager votre \u00e9cran.<\/p>\n\n\n\n<p><a href=\"http:\/\/88.136.157.51:8080\/index.php\/2024\/04\/22\/partage-decran-avec-jitsi-meet\/\" data-type=\"post\" data-id=\"932\" target=\"_blank\" rel=\"noreferrer noopener\">Partage d\u2019\u00e9cran avec Jitsi Meet<\/a><\/p>\n<\/div>\n<\/div>\n\n\n\n<hr class=\"wp-block-separator has-alpha-channel-opacity is-style-wide\"\/>\n\n\n\n<p class=\"has-large-font-size\">Vid\u00e9o &#8211; D\u00e9monstration d&rsquo;une visio<\/p>\n\n\n\n<figure class=\"wp-block-video\"><video height=\"1080\" style=\"aspect-ratio: 1920 \/ 1080;\" width=\"1920\" controls src=\"http:\/\/88.136.157.51:8080\/wp-content\/uploads\/2024\/04\/Demonstration_Visio.mp4\"><\/video><\/figure>\n","protected":false},"excerpt":{"rendered":"<p>Ateliers informatiques en distanciel (visio) avec Jitsi Meet Jitsi est une application libre multiplateforme de messagerie instantan\u00e9e, voix sur IP et visioconf\u00e9rence. Elle utilise Jitsi Videobridge pour fournir une haute qualit\u00e9 d&rsquo;appel en respectant la vie priv\u00e9e avec du chiffrement de bout en bout sous certaines conditions (Firefox ne le supporte pas encore). Ce logiciel [&hellip;]<\/p>\n","protected":false},"author":1,"featured_media":0,"parent":0,"menu_order":0,"comment_status":"closed","ping_status":"closed","template":"","meta":{"_bbp_topic_count":0,"_bbp_reply_count":0,"_bbp_total_topic_count":0,"_bbp_total_reply_count":0,"_bbp_voice_count":0,"_bbp_anonymous_reply_count":0,"_bbp_topic_count_hidden":0,"_bbp_reply_count_hidden":0,"_bbp_forum_subforum_count":0,"site-sidebar-layout":"default","site-content-layout":"","ast-site-content-layout":"","site-content-style":"default","site-sidebar-style":"default","ast-global-header-display":"","ast-banner-title-visibility":"","ast-main-header-display":"","ast-hfb-above-header-display":"","ast-hfb-below-header-display":"","ast-hfb-mobile-header-display":"","site-post-title":"","ast-breadcrumbs-content":"","ast-featured-img":"","footer-sml-layout":"","theme-transparent-header-meta":"","adv-header-id-meta":"","stick-header-meta":"","header-above-stick-meta":"","header-main-stick-meta":"","header-below-stick-meta":"","astra-migrate-meta-layouts":"default","ast-page-background-enabled":"default","ast-page-background-meta":{"desktop":{"background-color":"var(--ast-global-color-4)","background-image":"","background-repeat":"repeat","background-position":"center center","background-size":"auto","background-attachment":"scroll","background-type":"","background-media":"","overlay-type":"","overlay-color":"","overlay-opacity":"","overlay-gradient":""},"tablet":{"background-color":"","background-image":"","background-repeat":"repeat","background-position":"center center","background-size":"auto","background-attachment":"scroll","background-type":"","background-media":"","overlay-type":"","overlay-color":"","overlay-opacity":"","overlay-gradient":""},"mobile":{"background-color":"","background-image":"","background-repeat":"repeat","background-position":"center center","background-size":"auto","background-attachment":"scroll","background-type":"","background-media":"","overlay-type":"","overlay-color":"","overlay-opacity":"","overlay-gradient":""}},"ast-content-background-meta":{"desktop":{"background-color":"var(--ast-global-color-5)","background-image":"","background-repeat":"repeat","background-position":"center center","background-size":"auto","background-attachment":"scroll","background-type":"","background-media":"","overlay-type":"","overlay-color":"","overlay-opacity":"","overlay-gradient":""},"tablet":{"background-color":"var(--ast-global-color-5)","background-image":"","background-repeat":"repeat","background-position":"center center","background-size":"auto","background-attachment":"scroll","background-type":"","background-media":"","overlay-type":"","overlay-color":"","overlay-opacity":"","overlay-gradient":""},"mobile":{"background-color":"var(--ast-global-color-5)","background-image":"","background-repeat":"repeat","background-position":"center center","background-size":"auto","background-attachment":"scroll","background-type":"","background-media":"","overlay-type":"","overlay-color":"","overlay-opacity":"","overlay-gradient":""}},"footnotes":""},"class_list":["post-892","page","type-page","status-publish","hentry"],"_links":{"self":[{"href":"http:\/\/88.136.157.51:8080\/index.php\/wp-json\/wp\/v2\/pages\/892","targetHints":{"allow":["GET"]}}],"collection":[{"href":"http:\/\/88.136.157.51:8080\/index.php\/wp-json\/wp\/v2\/pages"}],"about":[{"href":"http:\/\/88.136.157.51:8080\/index.php\/wp-json\/wp\/v2\/types\/page"}],"author":[{"embeddable":true,"href":"http:\/\/88.136.157.51:8080\/index.php\/wp-json\/wp\/v2\/users\/1"}],"replies":[{"embeddable":true,"href":"http:\/\/88.136.157.51:8080\/index.php\/wp-json\/wp\/v2\/comments?post=892"}],"version-history":[{"count":14,"href":"http:\/\/88.136.157.51:8080\/index.php\/wp-json\/wp\/v2\/pages\/892\/revisions"}],"predecessor-version":[{"id":952,"href":"http:\/\/88.136.157.51:8080\/index.php\/wp-json\/wp\/v2\/pages\/892\/revisions\/952"}],"wp:attachment":[{"href":"http:\/\/88.136.157.51:8080\/index.php\/wp-json\/wp\/v2\/media?parent=892"}],"curies":[{"name":"wp","href":"https:\/\/api.w.org\/{rel}","templated":true}]}}